1
List the prime factors of 389.
389
List the prime factors of 845.
5, 13
What are the prime factors of 4841?
47, 103
List the prime factors of 12658.
2, 6329
What are the prime factors of 1598?
2, 17, 47
What are the prime factors of 12613?
12613
List the prime factors of 673.
673
List the prime factors of 25287.
3, 8429
List the prime factors of 36239.
7, 31, 167
List the prime factors of 69234.
2, 3, 11, 1049
What are the prime factors of 3610?
2, 5, 19
What are the prime factors of 16983?
3, 17, 37
What are the prime factors of 6788?
2, 1697
List the prime factors of 15104.
2, 59
List the prime factors of 117.
3, 13
List the prime factors of 398.
2, 199
What are the prime factors of 1101?
3, 367
List the prime factors of 44430.
2, 3, 5, 1481
What are the prime factors of 100332?
2, 3, 929
List the prime factors of 3146.
2, 11, 13
What are the prime factors of 40429?
40429
List the prime factors of 1556.
2, 389
What are the prime factors of 83047?
83047
What are the prime factors of 5897?
5897
What are the prime factors of 1695?
3, 5, 113
List the prime factors of 44124.
2, 3, 3677
List the prime factors of 12795.
3, 5, 853
What are the prime factors of 5643?
3, 11, 19
What are the prime factors of 4459?
7, 13
List the prime factors of 15148.
2, 7, 541
List the prime factors of 2976.
2, 3, 31
What are the prime factors of 15667?
15667
What are the prime factors of 23109?
3, 7703
What are the prime factors of 6830?
2, 5, 683
What are the prime factors of 1311?
3, 19, 23
What are the prime factors of 11387?
59, 193
What are the prime factors of 10085?
5, 2017
List the prime factors of 1099.
7, 157
What are the prime factors of 1173?
3, 17, 23
What are the prime factors of 6519?
3, 41, 53
List the prime factors of 1599.
3, 13, 41
What are the prime factors of 1277?
1277
What are the prime factors of 39985?
5, 11, 727
List the prime factors of 12730.
2, 5, 19, 67
List the prime factors of 21714.
2, 3, 7, 11, 47
What are the prime factors of 4687?
43, 109
List the prime factors of 5407.
5407
What are the prime factors of 912?
2, 3, 19
List the prime factors of 19814.
2, 9907
What are the prime factors of 1316?
2, 7, 47
List the prime factors of 94976.
2, 7, 53
What are the prime factors of 1088?
2, 17
List the prime factors of 16525.
5, 661
What are the prime factors of 3947?
3947
What are the prime factors of 547?
547
List the prime factors of 31031.
7, 11, 13, 31
List the prime factors of 329.
7, 47
List the prime factors of 97567.
43, 2269
What are the prime factors of 2285?
5, 457
List the prime factors of 45593.
127, 359
What are the prime factors of 8789?
11, 17, 47
List the prime factors of 3542.
2, 7, 11, 23
What are the prime factors of 49625?
5, 397
What are the prime factors of 10642?
2, 17, 313
List the prime factors of 1095.
3, 5, 73
List the prime factors of 1726.
2, 863
What are the prime factors of 6469?
6469
List the prime factors of 50722.
2, 7, 3623
List the prime factors of 9704.
2, 1213
List the prime factors of 1463.
7, 11, 19
What are the prime factors of 1353?
3, 11, 41
What are the prime factors of 1841?
7, 263
What are the prime factors of 7704?
2, 3, 107
List the prime factors of 47476.
2, 11, 13, 83
List the prime factors of 395.
5, 79
What are the prime factors of 12931?
67, 193
What are the prime factors of 4886?
2, 7, 349
What are the prime factors of 2968?
2, 7, 53
List the prime factors of 175254.
2, 3, 29209
What are the prime factors of 75212?
2, 18803
List the prime factors of 85506.
2, 3, 14251
What are the prime factors of 7400?
2, 5, 37
What are the prime factors of 16752?
2, 3, 349
What are the prime factors of 27837?
3, 1031
What are the prime factors of 1041?
3, 347
List the prime factors of 276.
2, 3, 23
What are the prime factors of 912?
2, 3, 19
What are the prime factors of 23568?
2, 3, 491
What are the prime factors of 21486?
2, 3, 3581
List the prime factors of 12791.
12791
What are the prime factors of 3859?
17, 227
What are the prime factors of 1516?
2, 379
List the prime factors of 59811.
3, 19937
List the prime factors of 506.
2, 11, 23
What are the prime factors of 912?
2, 3, 19
What are the prime factors of 4676?
2, 7, 167
What are the prime factors of 7116?
2, 3, 593
What are the prime factors of 3882?
2, 3, 647
What are the prime factors of 34858?
2, 29, 601
What are the prime factors of 85357?
17, 5021
List the prime factors of 7861.
7, 1123
List the prime factors of 730.
2, 5, 73
What are the prime factors of 75272?
2, 97
What are the prime factors of 74458?
2, 59, 631
List the prime factors of 85321.
41, 2081
List the prime factors of 49441.
7, 1009
What are the prime factors of 9751?
7, 199
List the prime factors of 1946.
2, 7, 139
List the prime factors of 28171.
11, 13, 197
What are the prime factors of 14430?
2, 3, 5, 13, 37
What are the prime factors of 7415?
5, 1483
What are the prime factors of 10513?
10513
List the prime factors of 4392.
2, 3, 61
What are the prime factors of 163019?
163019
List the prime factors of 2305.
5, 461
List the prime factors of 1908.
2, 3, 53
List the prime factors of 1016.
2, 127
What are the prime factors of 282?
2, 3, 47
List the prime factors of 64500.
2, 3, 5, 43
What are the prime factors of 6093?
3, 677
List the prime factors of 6603.
3, 31, 71
What are the prime factors of 4328?
2, 541
What are the prime factors of 42769?
19, 2251
What are the prime factors of 6277?
6277
List the prime factors of 1749.
3, 11, 53
What are the prime factors of 95459?
7, 13, 1049
List the prime factors of 9246.
2, 3, 23, 67
List the prime factors of 170393.
170393
What are the prime factors of 11923?
11923
What are the prime factors of 17780?
2, 5, 7, 127
What are the prime factors of 5675?
5, 227
List the prime factors of 2468.
2, 617
What are the prime factors of 794?
2, 397
What are the prime factors of 4955?
5, 991
What are the prime factors of 4856?
2, 607
What are the prime factors of 17148?
2, 3, 1429
List the prime factors of 607.
607
List the prime factors of 11461.
73, 157
What are the prime factors of 62692?
2, 7, 2239
List the prime factors of 32586.
2, 3, 5431
List the prime factors of 678.
2, 3, 113
List the prime factors of 13566.
2, 3, 7, 17, 19
List the prime factors of 1796.
2, 449
What are the prime factors of 1721?
1721
What are the prime factors of 386?
2, 193
List the prime factors of 84669.
3, 13, 167
What are the prime factors of 38992?
2, 2437
List the prime factors of 3700.
2, 5, 37
List the prime factors of 8708.
2, 7, 311
What are the prime factors of 130113?
3, 61, 79
List the prime factors of 6789.
3, 31, 73
What are the prime factors of 13537?
13537
List the prime factors of 22589.
7, 461
What are the prime factors of 35900?
2, 5, 359
List the prime factors of 26256.
2, 3, 547
What are the prime factors of 2836?
2, 709
What are the prime factors of 30518?
2, 15259
What are the prime factors of 7239?
3, 19, 127
What are the prime factors of 11583?
3, 11, 13
What are the prime factors of 12118?
2, 73, 83
What are the prime factors of 9640?
2, 5, 241
What are the prime factors of 8831?
8831
What are the prime factors of 87089?
73, 1193
List the prime factors of 1315.
5, 263
What are the prime factors of 3950?
2, 5, 79
List the prime factors of 21756.
2, 3, 7, 37
What are the prime factors of 58547?
127, 461
List the prime factors of 1437.
3, 479
List the prime factors of 55100.
2, 5, 19, 29
List the prime factors of 7481.
7481
List the prime factors of 2151.
3, 239
What are the prime factors of 17396?
2, 4349
List the prime factors of 377.
13, 29
List the prime factors of 27873.
3, 19, 163
List the prime factors of 35966.
2, 7, 367
List the prime factors of 5634.
2, 3, 313
List the prime factors of 866.
2, 433
What are the prime factors of 28888?
2, 23, 157
List the prime factors of 474.
2, 3, 79
List the prime factors of 37766.
2, 23, 821
What are the prime factors of 2407?
29, 83
What are the prime factors of 311?
311
List the prime factors of 23079.
3, 7, 157
What are the prime factors of 1649?
17, 97
List the prime factors of 465.
3, 5, 31
What are the prime factors of 325?
5, 13
What are the prime factors of 897?
3, 13, 23
List the prime factors of 970.
2, 5, 97
List the prime factors of 3193.
31, 103
What are the prime factors